{"id":135,"date":"2009-03-13T14:14:10","date_gmt":"2009-03-13T14:14:10","guid":{"rendered":"http:\/\/Fabiopc\/wordpress\/?page_id=135"},"modified":"2018-01-08T18:25:08","modified_gmt":"2018-01-08T18:25:08","slug":"quem-somos","status":"publish","type":"page","link":"https:\/\/finoeste.pt\/","title":{"rendered":"Quem somos"},"content":{"rendered":"<p>A <strong>Finoeste,Lda<\/strong> foi constitu\u00edda no ano de 2008 e presta servi\u00e7os nas \u00e1reas da Consultoria Fiscal e Financeira em regime de outsourcing. A nossa Vis\u00e3o, Miss\u00e3o e Valores n\u00e3o s\u00f3 definem quem somos e o que fazemos mas sobretudo como fazemos e para qu\u00ea.<\/p>\n<p>A <strong>Finoeste<\/strong>\u00a0\u00e9 uma empresa em constante evolu\u00e7\u00e3o, para isso pretendemos colocar \u00e0 disposi\u00e7\u00e3o dos nossos clientes informa\u00e7\u00e3o fiscal e financeira de f\u00e1cil compreens\u00e3o, proporcionando ferramentas de gest\u00e3o de modo a que os empres\u00e1rios possam tomar decis\u00f5es em consci\u00eancia e de forma convicta.<\/p>\n<p class=\"MsoNormal\" style=\"text-align: justify;\">A capacidade t\u00e9cnica e o conhecimento acad\u00e9mico dos quadros da nossa empresa permite-nos prestar um servi\u00e7o mais completo e de maior rigor.<\/p>\n<p>&nbsp;<\/p>\n<p class=\"MsoNormal\" style=\"text-align: justify;\">\n<p class=\"MsoNormal\" style=\"text-align: justify;\"><a href=\"http:\/\/finoeste.pt\/wp-content\/uploads\/2016\/01\/ParceiroFiscal.jpg\" rel=\"attachment wp-att-511\"><img loading=\"lazy\" decoding=\"async\" class=\" wp-image-511 aligncenter\" src=\"http:\/\/finoeste.pt\/wp-content\/uploads\/2016\/01\/ParceiroFiscal-300x241.jpg\" alt=\"ParceiroFiscal\" width=\"371\" height=\"298\" srcset=\"https:\/\/finoeste.pt\/wp-content\/uploads\/2016\/01\/ParceiroFiscal-300x241.jpg 300w, https:\/\/finoeste.pt\/wp-content\/uploads\/2016\/01\/ParceiroFiscal.jpg 610w\" sizes=\"(max-width: 371px) 100vw, 371px\" \/><\/a><\/p>\n<p>&nbsp;<\/p>\n","protected":false},"excerpt":{"rendered":"<p>A Finoeste,Lda foi constitu\u00edda no ano de 2008 e presta servi\u00e7os nas \u00e1reas da Consultoria Fiscal e Financeira em regime de outsourcing. A nossa Vis\u00e3o, Miss\u00e3o e Valores n\u00e3o s\u00f3 definem quem somos e o que fazemos mas sobretudo como fazemos e para qu\u00ea. A Finoeste\u00a0\u00e9 uma empresa em constante evolu\u00e7\u00e3o, para isso pretendemos colocar \u00e0 disposi\u00e7\u00e3o dos nossos clientes informa\u00e7\u00e3o fiscal e financeira de f\u00e1cil compreens\u00e3o, proporcionando ferramentas de gest\u00e3o de modo a que os empres\u00e1rios possam tomar decis\u00f5es em consci\u00eancia e de forma convicta. A capacidade t\u00e9cnica e o conhecimento acad\u00e9mico dos quadros da nossa empresa permite-nos prestar [&hellip;]<\/p>\n","protected":false},"author":2,"featured_media":0,"parent":0,"menu_order":1,"comment_status":"closed","ping_status":"closed","template":"","meta":{"footnotes":""},"_links":{"self":[{"href":"https:\/\/finoeste.pt\/index.php?rest_route=\/wp\/v2\/pages\/135"}],"collection":[{"href":"https:\/\/finoeste.pt\/index.php?rest_route=\/wp\/v2\/pages"}],"about":[{"href":"https:\/\/finoeste.pt\/index.php?rest_route=\/wp\/v2\/types\/page"}],"author":[{"embeddable":true,"href":"https:\/\/finoeste.pt\/index.php?rest_route=\/wp\/v2\/users\/2"}],"replies":[{"embeddable":true,"href":"https:\/\/finoeste.pt\/index.php?rest_route=%2Fwp%2Fv2%2Fcomments&post=135"}],"version-history":[{"count":16,"href":"https:\/\/finoeste.pt\/index.php?rest_route=\/wp\/v2\/pages\/135\/revisions"}],"predecessor-version":[{"id":953,"href":"https:\/\/finoeste.pt\/index.php?rest_route=\/wp\/v2\/pages\/135\/revisions\/953"}],"wp:attachment":[{"href":"https:\/\/finoeste.pt\/index.php?rest_route=%2Fwp%2Fv2%2Fmedia&parent=135"}],"curies":[{"name":"wp","href":"https:\/\/api.w.org\/{rel}","templated":true}]}}